
Let o(f) = -f**3 + 79*f**2 - 1377*f - 42. Determine o(53).
11
Let i(z) = 3*z**2 - 319*z + 5371. Give i(21).
-5
Let n(h) = 2*h**3 - 10*h**2 - 53*h + 2. Determine n(-4).
-74
Let t(c) = -c**3 - 36*c**2 + 10*c + 418. Give t(-36).
58
Let b(x) = 2*x**3 - 7*x**2 - 25*x - 172. Give b(7).
-4
Let j(w) = 4*w**2 + 24*w - 658. Calculate j(-16).
-18
Let d(k) = -2*k**2 + 171*k - 3330. What is d(55)?
25
Let u(t) = -59*t - 4510. Give u(-77).
33
Let n(m) = -2*m**3 + 5*m + 368. What is n(0)?
368
Let g(o) = 2*o**2 - 25*o + 28. Give g(10).
-22
Let l(f) = f**2 + 11*f + 40. What is l(-17)?
142
Let d(b) = -b**3 + 21*b**2 + 484*b + 207. What is d(35)?
-3
Let w(v) = -150*v**2 + 1206*v - 26. Determine w(8).
22
Let o(j) = -j**3 + 6*j**2 + 11*j + 137. Determine o(9).
-7
Let x(p) = -p**2 - 65*p - 173. Determine x(-62).
13
Let x(g) = -1009*g + 26239. Determine x(26).
5
Let n(j) = -148*j**2 + 351*j + 353. Give n(-1).
-146
Let t(b) = -2*b**3 - 13*b**2 - 202*b - 1184. Give t(-6).
-8
Let u(n) = -n**3 + 37*n**2 + 216*n - 268. Determine u(42).
-16
Let x(m) = 85*m + 1883. Give x(-22).
13
Let q(i) = 37*i**2 - 179*i - 5. Give q(5).
25
Let r(m) = -m**3 - 26*m**2 + 85*m - 37. Determine r(-29).
21
Let v(t) = 491*t - 41746. What is v(85)?
-11
Let y(w) = w**3 + 9*w**2 + 52*w + 281. Give y(-7).
15
Let a(p) = -219*p + 26486. What is a(121)?
-13
Let n(x) = -x**3 - 15*x**2 + 13*x + 189. Calculate n(-15).
-6
Let q(j) = -j**2 - 36*j - 214. What is q(-18)?
110
Let k(u) = -4956*u + 39635. What is k(8)?
-13
Let p(t) = 2*t**2 + 87*t - 214. Calculate p(-46).
16
Let x(u) = -1504*u + 6059. Give x(4).
43
Let g(x) = 14*x - 27. Determine g(-6).
-111
Let x(t) = 959*t + 19189. Calculate x(-20).
9
Let b(x) = 18*x**2 - 66*x + 66. Give b(3).
30
Let n(s) = 9*s - 462. Calculate n(47).
-39
Let q(c) = c**2 + 18*c - 2. Give q(0).
-2
Let c(n) = 415*n + 3729. What is c(-10)?
-421
Let p(s) = -60*s - 1319. Give p(-22).
1
Let g(k) = -43*k + 1152. Calculate g(27).
-9
Let u(j) = j**3 - 17*j**2 - 12*j - 101. Determine u(18).
7
Let y(v) = 93*v**2 + 48*v + 16. What is y(-1)?
61
Let g(z) = z**3 - 40*z**2 + 101*z - 136. What is g(38)?
814
Let o(h) = 5*h + 514. Give o(-104).
-6
Let k(v) = 19*v + 83. Calculate k(-11).
-126
Let b(z) = -58*z + 684. What is b(12)?
-12
Let i(q) = 2*q**3 + 13*q**2 - 39*q - 73. Calculate i(-9).
-127
Let r(c) = 236*c + 225. What is r(-7)?
-1427
Let w(n) = 2555*n + 43431. Give w(-17).
-4
Let a(h) = 208*h - 187. Determine a(3).
437
Let t(w) = w**3 - w**2 - 72*w - 10. Determine t(10).
170
Let q(s) = 2*s**3 - 5*s**2 + 3*s - 12. Calculate q(3).
6
Let k(m) = -11*m**2 + 381*m + 157. Give k(35).
17
Let f(w) = -145*w**2 + 18*w + 17. Calculate f(-1).
-146
Let x(n) = -n**2 - 23*n + 294. Calculate x(9).
6
Let r(i) = -4*i**2 - 3701*i - 11103. Calculate r(-3).
-36
Let k(x) = 27*x**2 - 45*x + 16. Give k(1).
-2
Let u(w) = 2*w**3 + 11*w**2 + 20*w + 52. Determine u(-4).
20
Let a(j) = j**2 + 433*j + 4637. What is a(-11)?
-5
Let z(v) = 646*v - 25152. What is z(39)?
42
Let n(x) = -3*x**3 + 78*x**2 + 89*x - 96. What is n(27)?
120
Let u(m) = m**3 - 78*m**2 + 139*m + 742. Give u(76).
-246
Let c(q) = 4*q**2 - 480*q - 2460. Determine c(-5).
40
Let u(k) = 102*k + 38. What is u(-2)?
-166
Let s(u) = 3*u + 25. What is s(-1)?
22
Let f(o) = -176*o**2 - 170*o + 171. What is f(1)?
-175
Let r(b) = 934*b**3 + 1871*b**2 + 2*b. Determine r(-2).
8
Let u(k) = -25*k**2 - 9*k + 8. What is u(1)?
-26
Let w(a) = -64*a**2 - 25*a - 1. What is w(-3)?
-502
Let z(u) = u**3 - 24*u**2 + 196*u - 3975. Give z(23).
4
Let v(q) = -q**3 + 12*q**2 + 6*q + 149. Calculate v(13).
58
Let n(u) = 6928*u - 145497. Determine n(21).
-9
Let h(d) = 65*d - 514. Determine h(13).
331
Let f(d) = d**3 + 120*d**2 + 476*d + 42473. What is f(-119)?
-10
Let r(d) = -2*d**2 - 89*d - 23. Calculate r(-46).
-161
Let d(x) = -6*x**2 - 22*x - 1. Determine d(1).
-29
Let y(d) = 17*d**2 + 454*d + 455. Determine y(-1).
18
Let x(m) = 104*m - 172. Determine x(2).
36
Let m(j) = -40*j + 1087. Calculate m(28).
-33
Let n(t) = 3*t**2 - 135*t - 2067. What is n(57)?
-15
Let i(z) = 926*z - 2783. Calculate i(3).
-5
Let q(r) = -2*r**3 - 195*r**2 + 1129*r - 446. What is q(-103)?
-34
Let p(t) = -32*t - 264. Give p(-8).
-8
Let f(j) = 95*j + 1064. Give f(-11).
19
Let t(q) = -560*q + 3234. Calculate t(6).
-126
Let i(q) = -828*q + 6624. What is i(8)?
0
Let t(k) = k**3 + 8*k**2 - 58*k + 38. Calculate t(-13).
-53
Let a(q) = -85*q + 56. Give a(1).
-29
Let n(h) = h**3 - 53*h**2 - 139*h + 7361. Determine n(53).
-6
Let g(s) = 196*s - 2833. What is g(14)?
-89
Let d(c) = -288*c + 9224. Calculate d(32).
8
Let a(t) = t**3 - 4*t**2 - 5*t + 14. What is a(-2)?
0
Let v(t) = -4*t**2 + 66*t + 1879. Calculate v(-15).
-11
Let r(w) = -w**2 - 93*w - 336. Calculate r(-90).
-66
Let b(d) = d**3 + 9*d**2 + 21*d. What is b(-5)?
-5
Let g(i) = -i**3 + 37*i**2 - 234*i + 9. Calculate g(8).
-7
Let f(o) = -o**2 + 15*o + 797. What is f(33)?
203
Let f(r) = -r - 35. Calculate f(-7).
-28
Let g(o) = o**3 - 24*o**2 - 21*o - 295. What is g(26)?
511
Let b(a) = -3*a**3 + 20*a**2 - 9*a - 15. Calculate b(6).
3
Let p(t) = t**3 + 7*t**2 - 41*t + 4. Give p(4).
16
Let i(q) = q**3 - 7*q**2 + 27*q - 240. Give i(10).
330
Let d(k) = 12*k**3 - 1067*k**2 - 91*k + 194. Calculate d(89).
16
Let y(t) = 12*t**2 + 1345*t + 85. What is y(-112)?
-27
Let r(m) = -m**2 - 117*m - 3095. Calculate r(-73).
117
Let m(o) = -o**2 + 62*o - 936. Calculate m(26).
0
Let g(d) = 3*d**2 + 8*d - 44. Calculate g(8).
212
Let p(c) = 118*c - 52. What is p(-5)?
-642
Let u(t) = -t**2 - 10*t - 81. What is u(-16)?
-177
Let t(a) = -a**3 - 18*a**2 - 5*a - 193. What is t(-18)?
-103
Let w(j) = -2*j**2 - 114*j - 82. Determine w(-57).
-82
Let s(u) = u**2 - 67*u - 143. Calculate s(71).
141
Let g(p) = -3*p**2 - 3108*p - 9303. Determine g(-3).
-6
Let o(n) = -n**2 - 28*n - 79. Calculate o(-22).
53
Let v(m) = -2*m**3 - 202*m**2 + 196*m - 788. Calculate v(-102).
28
Let y(v) = 2*v**3 + 4*v**2 - 18*v + 75. Calculate y(-5).
15
Let g(k) = -31*k + 169. Determine g(3).
76
Let n(h) = 4*h**2 + 14*h - 32. What is n(-5)?
-2
Let x(j) = 41*j + 199. Calculate x(-5).
-6
Let z(w) = -20*w - 204. Calculate z(-6).
-84
Let h(g) = -7*g**2 - 67*g + 12. Calculate h(-11).
-98
Let p(h) = 4*h**2 + 50*h + 93. What is p(-10)?
-7
Let o(c) = -182*c + 383. Calculate o(2).
19
Let t(r) = -2*r**3 + 22*r**2 + 22*r + 53. Calculate t(11).
295
Let c(h) = -9*h**2 - 353*h - 79. What is c(-39)?
-1
Let b(w) = -2*w**3 - 86*w**2 - 232*w + 318. Determine b(-40).
-2
Let o(n) = -44*n - 682. Give o(-13).
-110
Let i(u) = -87*u + 3263. Determine i(38).
-43
Let m(h) = h**2 - 35*h - 191. Determine m(52).
693
Let x(b) = 53*b**2 + 38*b - 110. Determine x(3).
481
Let t(v) = 2*v**3 + 121*v**2 - 385*v + 10. What is t(3)?
-2
Let g(z) = -5*z**3 - 7*z**2 + 8*z + 5. Give g(-2).
1
Let a(d) = 7*d**2 + 128*d + 59. What is a(-18)?
23
Let m(k) = -k**3 - 19*k**2 - 51*k - 7. Determine m(-16).
41
Let w(f) = 2*f**3 + 55*f**2 + 310*f + 2. Calculate w(-8).
18
Let z(n) = 132*n + 3396. What is z(-28)?
-300
Let c(y) = 4*y**2 + 108*y - 1482. What is c(-37)?
-2
Let n(q) = -10*q**2 + 760*q - 55. What is n(76)?
-55
Let v(b) = -6*b**3 - 53*b**2 - b - 12. What is v(-8)?
-324
Let u(m) = 2*m**3 + 124*m**2 + 125*m + 179. Calculate u(-61).
-4
Let q(z) = -z**2 - 35*z - 88. Give q(-26).
146
Let f(z) = -z**3 + 26*z**2 - 34*z - 325. Calculate f(24).
11
Let m(p) = -p**3 - 7*p**2 + 16*p + 59. Determine m(-3).
-25
Let q(k) = 7*k**3 - 183*k**2 + 28*k - 50. Calculate q(26).
2
Let h(q) = -2*q**3 + 19*q**2 - 19*q - 1. Calculate h(8).
39
Let r(f) = -4*f**2 - 93*f - 519. Give r(-9).
-6
Let z(h) = -33*h + 761. Determine z(25).
-64
Let z(g) = -g**2 + 287*g + 81. Give z(0).
81
Let g(c) = 32*c - 214. What is g(4)?
-86
Let l(z) = -8*z**2 + 3*z + 20. Give l(-4).
-120
Let d(i) = 130*i - 58. Give d(3).
332
Let d(g) = -3*g**2 + 109*g + 1558. What is d(-11)?
-4
Let u(t) = 145*t + 2. Give u(0).
2
Let u(i) = 197*i + 3814. Calculate u(-20).
-126
Let w(n) = -2*n**3 - 9*n**2 - n - 33. What is w(-5)?
-3
Let j(k) = -2*k**3 - 18*k**2 + 5*k + 101. Calculate j(-11).
530
Let x(c) = -c**2 + 18*c + 59. What is x(-3)?
-4
Let h(p) = -44*p**3 + p**2 + 9*p + 8. Give h(-1).
44
Let c(t) = -t**2 - 23*t + 1312. Calculate c(27).
-38
Let i(y) = 10*y**2 - 64*y + 357. Give i(5).
287
Let r(w) = 257*w + 48. Give r(-2).
-466
Let 